-3).
0
Suppose i - 7 = 3*i + 3*j, -4*i = 4*j + 8. Let l(c) = -c**3 - 5*c**2 + 7*c + 9. Let k be l(-6). Suppose 2*q + i = k. Let n(o) = 8*o - 1. What is n(q)?
7
Let b(m) = m**3 - 12*m**2 + 4. Let z be b(12). Let j(u) = -4 - z - u + 5. Give j(0).
-3
Let m(g) = -978 + 980 + 0*g + 2*g - 4*g. Give m(4).
-6
Let z(k) = 3*k - 6. Let d(u) = 7*u - 13. Let c(y) = 2*d(y) - 5*z(y). Give c(7).
-3
Let u(h) = h**3 - 6*h**2 + 5*h - 1. Let l be u(5). Suppose -20 = -5*x + x. Let a(v) = -1 + 0*v + 0 - v - x*v. Give a(l).
5
Let l(f) = 2*f**2 + 2*f - 1. Let s be -4 + 0 + (2 - 0). Determine l(s).
3
Let q(n) = -n. Let m = -7 - -12. Let s be q(m). Let v(c) = -3 + 6*c**2 - 2*c + 5 + 2 + 9*c + c**3. What is v(s)?
-6
Let q(f) = -2*f - 1. Suppose -b + 3 = 2*y, -b + 3 + 2 = 3*y. Suppose 7*r - y*r + 2*v + 34 = 0, -r - 2*v = 2. Let x be (4 + 0)*(r - -7). Calculate q(x).
7
Suppose 3*d = 12 + 6. Let p(j) = -j**2 - 5*j + 5. Let y(a) = 5*a**2 + 19*a - 20. Let x(n) = -9*p(n) - 2*y(n). What is x(d)?
1
Let a be (-1 - (-14)/18) + 70/(-9). Let o(i) = -i**2 - 8*i - 9. Give o(a).
-9
Let d(j) = 3*j + 2. Let p(h) = -h - 1. Let n(y) = 2*d(y) + 5*p(y). Let w(f) = f - 1. Let v be w(6). Suppose 4*u = -4*m - 0*u - 4, -v*u + 3 = 3*m. What is n(m)?
-5
Let s(h) = 4 - h - 3*h + 6*h. Let k be 4/(-14) + (-116)/(-14). Let d be (0 - -1) + k/(-2). What is s(d)?
-2
Let c(q) = q**3 - 4*q**2 - 2*q + 3. Let k = 5 + -1. Calculate c(k).
-5
Let g(s) = -s**2 - 13*s - 2. Let q be g(-13). Let z(k) = k**2. Calculate z(q).
4
Let b(s) be the second derivative of -s**3/6 + 11*s**2/2 + 5*s. Calculate b(7).
4
Suppose 0 = 4*x - o - o - 6, o = -x - 3. Suppose 0 = -4*l - 4 - x. Let k(n) = -6*n + 1. Determine k(l).
7
Let b(z) = z + 10. Let u(y) = -y - 9. Let k(o) = -5*b(o) - 6*u(o). Give k(0).
4
Let a be (1/(-5) + 0)/((-28)/280). Let j(r) = -4*r + 2. Give j(a).
-6
Let c(m) = -m - 1. Let r(x) = -x**3 + 5*x**2 + 8*x + 8. Let w(l) = -2*c(l) - r(l). Give w(6).
-6
Suppose -3*n = -11 - 4, -3*y - n - 7 = 0. Suppose 4*d = 3*r + 7, 5*d - 2*r - 13 = -6. Let g(l) = -l + d - l - l**2 + 2. Give g(y).
-5
Let d(j) = j**2 - 10*j + 5. Let a be d(10). Let x(q) = -q**3 - q**2 + 2*q + 7. Let l(o) = o**3 + 2*o**2 - o - 8. Let s(r) = a*l(r) + 6*x(r). Determine s(5).
12
Let q(j) = j**3 - 2*j - 3. Suppose 7 + 3 = -5*v. Let n be -2 + 0/(v + 3). Let x be (-2)/((4 - 1) + n). Determine q(x).
-7
Let q = 30 - 36. Let i(h) = h**3 + 6*h**2 + 2*h + 9. Give i(q).
-3
Let o(w) = -2*w - 2. Let x(p) = 2*p + 2. Let i(y) = 5*o(y) + 4*x(y). Determine i(5).
-12
Suppose -5 + 25 = -5*u. Let k(c) = -8*c - 11. Let l(h) = -2*h - 3. Let v(j) = 2*k(j) - 9*l(j). Calculate v(u).
-3
Let w(z) = 10*z + 1. Let j = 5 + -32. Let r = j + 45. Let h be (6/r)/(1/(-3)). What is w(h)?
-9
Let l(f) = -f - 2. Let a be l(-3). Let t = 0 + a. Let x(r) be the first derivative of 8*r**3/3 + r**2/2 - r + 3. What is x(t)?
8
Let n(z) = 6*z - 7. Let a(t) = 5*t - 6. Suppose 18 = 4*r - r. Let q(w) = r*n(w) - 7*a(w). Suppose 3*i - 2*i + 5*s + 22 = 0, -3*s - 10 = -i. What is q(i)?
-2
Let i(t) be the first derivative of -t**4/4 + 5*t**3/3 + 5*t**2 - 7*t + 35. What is i(6)?
17
Let b(c) = c**2 + c - 3. Let m(n) = 2*n**2 - 4. Let v(s) = -6*b(s) + 4*m(s). What is v(4)?
10
Let o(c) = c**3 + 5*c**2 + c - 4. Let i(z) = -z**2 + 5*z - 5. Let d be i(4). Let m be d + 4 + -1 - -3. Suppose -2*v = -v + m. Determine o(v).
-9
Let g = 19 + -24. Let a(s) = 3*s**3 + s**2 - 7*s - 9. Let x(m) = m**3 - 2*m - 3. Let l(j) = 4*a(j) - 11*x(j). What is l(g)?
2
Let m(v) = v + 10. Let w be 1*-3 + 10 + 0. Let s = 7 - w. What is m(s)?
10
Let g(y) = -6*y + 1. Let s(q) = q**2 + 19*q + 49. Let c be s(-16). Determine g(c).
-5
Let d(c) = -c**3 + 5*c**2 - 5*c + 25. Let k be d(5). Let x(q) = -4*q**2 + 1 + 7*q - 3*q - 3*q + 3*q**2. Calculate x(k).
1
Let p(y) = -5*y**2 - 5*y - 11. Let j(h) = 2*h**2 + 2*h + 5. Let b(r) = 7*j(r) + 3*p(r). Calculate b(-3).
-4
Suppose -3*s = -2*w - 6, 4*s + 3 = -4*w - 9. Let r(b) be the second derivative of -1/6*b**3 + 1/12*b**4 + 0 - 2*b + 2*b**2. Calculate r(s).
4
Let i(g) = -3*g + 5. Let x(m) = -5*m + 8. Let f(k) = 8*i(k) - 5*x(k). Give f(1).
1
Let n = -35 + 34. Let z(i) = 2*i - 1. Give z(n).
-3
Let y(u) = 3*u + 0 + 0*u - u - u**3 - 3*u**2 + 3. Let d = -7 - -4. Calculate y(d).
-3
Let f(u) = -4*u**2 + u + 2. Let w(d) = -17*d**2 + 4*d + 8. Let m(s) = -2*s**2 - 4*s + 4. Let q be m(3). Let g(i) = q*f(i) + 6*w(i). What is g(3)?
8
Let n = -29/2 - -15. Let x(v) be the first derivative of 2*v**4 - v + 1 - 1/3*v**3 + n*v**2. Determine x(1).
7
Suppose -2*n - 16 = -0*n. Let j(t) = t**2 + 8*t + 11. Determine j(n).
11
Let h(r) = -r**2 - 7*r - 3. Let u be h(-5). Let b(o) = -o + 5. What is b(u)?
-2
Let x(z) = 2*z + 12. Let m be x(-5). Let r(h) be the first derivative of -h**3/3 - h**2 + 3*h - 1. Determine r(m).
-5
Suppose 0 = 33*o - 31*o - 4. Let j(d) = -d - 1. Let l(p) = -5*p - 5. Let g(i) = 6*j(i) - l(i). Let b(k) = -4*k - 4. Let v(q) = b(q) - 3*g(q). Calculate v(o).
-3
Let s(c) = -4 + 3 + 3 - 5 - c. Determine s(-4).
1
Let d(g) = g**2 + 1. Let v = -3 + 0. Let c = v + 8. Suppose -i - 2*i - 5 = -k, 0 = -c*i - 2*k + 10. Give d(i).
1
Let w(g) = 2*g**3 + g**2. Let d be w(1). Let q(m) = -m**3 + 4*m**2 - 2*m + 3. Calculate q(d).
6
Let d = 46 + -49. Let w(j) = j**3 + j**2 - j - 3. Give w(d).
-18
Let n(h) = -h**2 + 3*h + 4. Let f = 1 + -7. Let q be (3/(-2))/(3/f). Suppose -3 - 6 = -q*w. Determine n(w).
4
Let f be ((-8)/3 + 2)*6. Let d(i) = i**2 - i. Let r(l) = -3*l**2 - 2*l. Let j(m) = f*d(m) - r(m). Calculate j(4).
8
Suppose 0 = -5*s + 5*a + 5, -4*a + 6 = -2. Let x(q) be the second derivative of q**5/20 - q**4/6 - q**3/3 + 3*q**2/2 + q. Give x(s).
6
Let g(j) = 7*j**3 + 7*j**2 - 14*j + 23. Let s(q) = 3*q**3 + 4*q**2 - 7*q + 11. Let l(x) = 2*g(x) - 5*s(x). Determine l(-7).
-9
Let c(s) = -2*s - 9. Let r be c(-6). Let g(d) be the first derivative of 1/3*d**r - d + 0*d**2 - 2. Determine g(1).
0
Let z(f) = f. Let i(o) = o**3 + 15*o**2 + 15*o + 18. Let c be i(-14). Calculate z(c).
4
Let v(h) = -h**3 - 5*h**2 - h - 3. Let b be v(-5). Let o(x) be the first derivative of 3*x - 2 - x**2 + 1/3*x**3. Calculate o(b).
3
Let b be (-4)/3 + (-14)/(-6). Let g(x) = -b + 8 + 6*x**2 + 5*x**3 - 2*x**3 - 2*x**3 + 8*x. Suppose 4*n - 4*r + 0 + 8 = 0, 2*n + 7 = r. What is g(n)?
-8
Suppose 0*w + w = 2. Suppose 1 = -w*r - 9. Let s(n) = 2*n + 4 + 1 - n. Determine s(r).
0
Let f(h) = -h + 2. Let k(p) be the third derivative of p**4/4 - 5*p**3/3 - p**2. Let y(u) = 16*f(u) + 3*k(u). Give y(3).
8
Let d(n) be the third derivative of -n**5/60 - n**4/4 - 5*n**3/6 + n**2. Calculate d(-6).
-5
Let d be -3 + (2 + -6 - -5). Let l(p) = 4*p + 3. Determine l(d).
-5
Suppose s - 9 = -d, -6*s + s - 3*d = -41. Let x(j) be the third derivative of j**5/60 - j**4/3 - j**3/3 + 15*j**2. Calculate x(s).
-9
Let o be ((-2)/4)/(1/(-4)). Let k(a) = 0 - o + 0*a + 4 + 2*a. What is k(2)?
6
Let a(i) = -2*i + 11*i + 3 - 13 + i**3 - 8*i**2. Let r be a(7). Let d(l) = -l**2 + 5*l + 2. Determine d(r).
6
Let u(d) = -7*d - 3. Let i(t) = -t**2 + 13*t + 5. Let h(k) = 4*i(k) + 7*u(k). What is h(2)?
-11
Let m(z) = -8 + z - 6*z + 2*z + 2*z. Let h(c) = c**2 - 6*c - 1. Let x be h(5). Give m(x).
-2
Let o be 4/(-18) + 58/18. Let u = -11 + 13. Let j(p) = p - p**2 + 0*p**u + 4*p - 3*p. Determine j(o).
-3
Let o(r) = -2*r + r + 2*r. Suppose -35 = 5*f + v - 0*v, v = 4*f + 28. Let p(g) = -g**3 - 6*g**2 + 6*g - 5. Let d be p(f). Determine o(d).
2
Let z(f) be the third derivative of f**5/40 - 7*f**4/24 + f**3/2 - 6*f**2. Let i(c) be the first derivative of z(c). Give i(6).
11
Suppose -2*w + 4*b = -3*w - 14, -4*w - 8 = 4*b. Let n(s) be the first derivative of 1/2*s**2 - w - 5*s. What is n(4)?
-1
Let u(g) = -g. Let k(b) = -2. Let x(w) = -k(w) - 3*u(w). Give x(-3).
-7
Suppose 8*m = m - 42. Let a(z) be the first derivative of -2 - 5/2*z**2 - 1/3*z**3 + 8*z. Calculate a(m).
2
Let s(v) be the second derivative of -v**3/6 + 7*v**2/2 + v - 4. Calculate s(0).
7
Suppose -3*b = c - 2*b - 8, -22 = -2*c - 4*b. Let j(s) = -s - 6. Determine j(c).
-11
Let z(r) = -r + 3. Let t(h) = -h + 2. Let f be t(2). Give z(f).
3
Let x(y) = 7*y - y**3 - 2*y**2 + 2 - 7 + 7*y**2. Let q(j) = j**2 + 2*j + 8. Let r be q(-4). Suppose -r = -4*d + 8. Determine x(d).
1
Let a(s) = s**3 - s**2. Let f = 3 - 1. Let l be a(f). Let v(d) = 2 - 6 - 1 + 4